?
True
Does 612 divide 381075692?
False
Is 21 a factor of 502981059?
True
Is 148407255 a multiple of 9?
True
Is 182 a factor of 442575770?
True
Is 1424 a factor of 87357083?
False
Is 1687869 a multiple of 7?
False
Is 53 a factor of 63724815?
True
Does 17 divide 32546398?
True
Does 81 divide 338078124?
True
Does 108 divide 1086588217?
False
Does 7 divide 39885601?
True
Does 177 divide 7213060?
False
Does 5 divide 2285503?
False
Is 240 a factor of 1557556080?
True
Is 129 a factor of 20512261?
False
Is 214566201 a multiple of 4618?
False
Is 33 a factor of 193131879?
False
Is 12 a factor of 51415980?
True
Is 17876096 a multiple of 17?
False
Is 1880506 a multiple of 190?
False
Does 152 divide 7874918?
False
Is 30682113 a multiple of 11?
True
Is 2734 a factor of 452928406?
False
Is 18 a factor of 9174438?
True
Is 4 a factor of 1191764?
True
Is 17 a factor of 1604804260?
False
Is 34875672 a multiple of 78?
True
Is 6974376 a multiple of 636?
True
Is 1281 a factor of 448907642?
False
Is 17 a factor of 67994560?
True
Does 10 divide 6604761?
False
Does 133 divide 200157419?
True
Is 424 a factor of 13347944?
True
Is 118516633 a multiple of 222?
False
Is 126420808 a multiple of 1350?
False
Is 1003241833 a multiple of 15?
False
Is 69 a factor of 1311919425?
True
Is 91099864 a multiple of 458?
True
Is 18914464 a multiple of 84?
False
Is 80196974 a multiple of 1844?
False
Does 3726 divide 3825223380?
True
Is 39094127 a multiple of 1134?
False
Is 63 a factor of 127260615?
False
Is 1146 a factor of 745597914?
True
Does 45 divide 632685915?
True
Is 150750648 a multiple of 69?
True
Is 36 a factor of 305100973?
False
Does 71 divide 24664536?
False
Is 14239188 a multiple of 439?
False
Is 568674 a multiple of 27?
True
Does 13 divide 25934974?
True
Does 120 divide 38883480?
True
Is 860164137 a multiple of 2040?
False
Is 10999510 a multiple of 474?
False
Is 63420504 a multiple of 199?
True
Is 10517071 a multiple of 61?
True
Is 1338745 a multiple of 1417?
False
Is 34606160 a multiple of 20?
True
Is 21206426 a multiple of 17?
False
Does 1185 divide 82372905?
True
Is 829 a factor of 940855351?
False
Is 42 a factor of 1170161705?
False
Is 2300 a factor of 28982300?
True
Is 1169894880 a multiple of 3960?
True
Is 171 a factor of 331523792?
False
Is 163 a factor of 31101782?
False
Is 52 a factor of 75827237?
False
Does 78 divide 2117939799?
False
Is 409079655 a multiple of 145?
True
Does 195 divide 1326631995?
True
Is 22519305 a multiple of 27?
False
Is 132 a factor of 45495594?
False
Is 41981840 a multiple of 34?
True
Is 1246791560 a multiple of 34?
True
Is 164 a factor of 37522467?
False
Does 3 divide 986407122?
True
Is 2704916500 a multiple of 55?
True
Is 3253040 a multiple of 74?
True
Is 880 a factor of 56815916?
False
Is 589 a factor of 24396380?
True
Is 519146474 a multiple of 22?
True
Is 330 a factor of 36709931?
False
Is 44945505 a multiple of 909?
True
Is 1691 a factor of 65117424?
False
Is 21 a factor of 786934528?
False
Is 10 a factor of 299763600?
True
Is 41533680 a multiple of 610?
True
Is 164 a factor of 59190372?
False
Is 819 a factor of 83750940?
True
Does 910 divide 649740?
True
Is 306838242 a multiple of 18?
True
Is 1357 a factor of 40879625?
True
Is 85 a factor of 30335927?
False
Does 315 divide 919987740?
True
Is 23660901 a multiple of 1111?
False
Does 69 divide 556552?
False
Does 3 divide 342568764?
True
Is 118377406 a multiple of 93?
False
Is 16668201 a multiple of 23?
False
Does 1645 divide 8454081382?
False
Does 173 divide 187537287?
False
Does 536 divide 26700304?
True
Is 2526884029 a multiple of 1139?
True
Is 10 a factor of 109134940?
True
Is 1518104130 a multiple of 10?
True
Is 1121520444 a multiple of 1236?
True
Does 12 divide 625904580?
True
Does 13 divide 3716919563?
False
Does 272 divide 36328817?
False
Does 1040 divide 459598880?
True
Is 399281303 a multiple of 390?
False
Is 16 a factor of 428190128?
True
Is 686 a factor of 119586934?
False
Is 68 a factor of 116783332?
False
Is 1864541349 a multiple of 297?
True
Is 148094524 a multiple of 382?
True
Is 392 a factor of 242349688?
True
Is 22778004 a multiple of 23?
True
Does 107 divide 462984613?
True
Does 10 divide 703982144?
False
Does 598 divide 701617254?
True
Is 1349537568 a multiple of 292?
True
Is 1229 a factor of 32163769?
False
Is 619192 even?
True
Is 1415 a factor of 5194465?
True
Is 383860721 a multiple of 10?
False
Does 70 divide 13323730?
True
Is 53 a factor of 130617691?
False
Is 54125899 a multiple of 1064?
False
Does 38 divide 133881296?
True
Is 38 a factor of 16828811?
False
Does 7 divide 41351323?
False
Is 15548802 a multiple of 5?
False
Is 7666643 a multiple of 80?
False
Is 591592465 a multiple of 60?
False
Is 22428120 a multiple of 39?
True
Is 29 a factor of 159502146?
True
Is 572586280 a multiple of 280?
True
Is 9199 a factor of 739820376?
True
Is 456502327 a multiple of 1033?
True
Does 169 divide 869240177?
True
Is 18 a factor of 2546597553?
False
Does 46 divide 11840894?
False
Does 7 divide 131356328?
False
Is 279 a factor of 24647720?
False
Is 340336331 a multiple of 46?
False
Is 135733758 a multiple of 339?
False
Is 24 a factor of 130492016?
False
Does 77 divide 354476852?
False
Does 236 divide 1061801524?
True
Is 1219292189 a multiple of 2948?
False
Is 108760005 a multiple of 435?
True
Does 304 divide 30426852?
False
Is 76003658 a multiple of 254?
True
Is 5585 a factor of 76453065?
True
Is 7 a factor of 30785438?
False
Is 242736543 a multiple of 809?
False
Does 25 divide 1820860650?
True
Does 33 divide 49128908?
False
Is 3527076 a multiple of 2?
True
Is 361 a factor of 71141548?
True
Is 177748088 a multiple of 56?
True
Does 516 divide 891877539?
False
Is 38591223 a multiple of 2?
False
Is 445866363 a multiple of 243?
True
Does 21 divide 893171554?
False
Is 13993364 a multiple of 154?
True
Is 232 a factor of 228860576?
True
Is 50866207 a multiple of 1195?
False
Is 636413037 a multiple of 663?
True
Is 17792233 a multiple of 3?
False
Is 40950367 a multiple of 99?
False
Does 157 divide 51821933?
False
Is 34 a factor of 477535780?
True
Does 465 divide 491321036?
False
Is 372312 a multiple of 4?
True
Is 1744 a factor of 20434608?
False
Does 498 divide 1621488?
True
Is 6 a factor of 260211593?
False
Is 25988285 a multiple of 82?
False
Is 14 a factor of 109555129?
False
Does 1897 divide 468691790?
True
Does 12 divide 148554384?
True
Is 128202996 a multiple of 12?
True
Is 4596358220 a multiple of 6572?
True
Is 606 a factor of 408599573?
False
Does 111 divide 1445395602?
True
Does 1886 divide 942335902?
False
Does 2028 divide 33578837?
False
Is 1356593580 a multiple of 15?
True
Is 11 a factor of 7757668?
False
Is 1278447179 a multiple of 449?
False
Is 4514003 a multiple of 31?
True
Is 104 a factor of 1628374665?
False
Is 5 a factor of 37107860?
True
Is 12 a factor of 13711896?
True
Is 198027946 a multiple of 427?
False
Does 2499 divide 779985267?
False
Is 148528612 a multiple of 3?
False
Does 91 divide 2581286?
False
Does 5 divide 35031980?
True
Is 10 a factor of 5537399?
False
Does 10 divide 152397498?
False
Is 23256727 a multiple of 403?
True
Is 1229 a factor of 47602857?
True
Does 51 divide 180318583?
False
Is 5 a factor of 18207495?
True
Does 9 divide 20566183?
False
Is 201127332 a multiple of 28?
True
Does 18 divide 287963208?
True
Is 34 a factor of 1895383931?
False
Does 74 divide 204000980?
True
Does 20 divide 5050267021?
False
Is 98020580 a multiple of 3449?
True
Is 7663391 a multiple of 27?
False
Is 7713027 a multiple of 8?
False
Is 24 a factor of 2108935637?
False
Is 26289851 a multiple of 469?
False
Is 11 a factor of 1831309238?
True
Is 18 a factor of 467978796?
True
Is 15 a factor of 829992636?
False
Is 33 a factor of 633887562?
True
Is 7 a factor of 330416178?
False
Is 1919 a factor of 40914999?
True
Does 23 divide 1040162?
False
Is 13 a factor of 168051234?
True
Is 2982551 a multiple of 1140?
False
Is 76879716 a multiple of 6?
True
Is 53 a factor of 52064497?
True
Is 117 a factor of 15497586?
True
Is 7573683 a multiple of 4?
False
Does 21 divide 32445137?
False
Is 27 a factor of 572915701?
False
Is 118725928 a multiple of 86?
False
Does 242 divide 396638?
True
Is 246075341 a multiple of 68?
False
Is 2520565806 a multiple of 8?
False
Is 767 a factor of 352306711?